s 40 divide 5434394?
False
Is 10290 a multiple of 105?
True
Is 24 a factor of 3793?
False
Is 365736 a multiple of 14?
True
Does 185 divide 64010?
True
Does 167 divide 3974?
False
Is 42 a factor of 5784749?
False
Is 275030 a multiple of 35?
True
Is 318300 a multiple of 30?
True
Is 51040 a multiple of 110?
True
Does 49 divide 45717?
True
Is 61463 a multiple of 20?
False
Is 399696 a multiple of 8?
True
Does 315 divide 6994762?
False
Does 101 divide 392273?
False
Is 3 a factor of 80161?
False
Is 31 a factor of 404110?
False
Is 110 a factor of 90860?
True
Does 253 divide 293227?
True
Is 7799298 a multiple of 37?
False
Is 331864 a multiple of 99?
False
Is 18 a factor of 1051758?
True
Is 132 a factor of 382140?
True
Is 903 a factor of 1252461?
True
Is 118408 a multiple of 38?
True
Does 775 divide 978825?
True
Is 179074 a multiple of 12?
False
Is 713946 a multiple of 557?
False
Does 78 divide 1065693?
False
Is 9623938 a multiple of 2686?
True
Does 194 divide 2580394?
True
Is 1828605 a multiple of 71?
True
Is 1605440 a multiple of 10?
True
Is 71570 a multiple of 170?
True
Is 91806 a multiple of 286?
True
Is 2018709 a multiple of 26?
False
Is 4143841 a multiple of 293?
False
Does 186 divide 2102916?
True
Is 2757 even?
False
Is 11068113 a multiple of 21?
True
Is 122 a factor of 8793409?
False
Does 293 divide 327468?
False
Does 29 divide 122813?
False
Is 21 a factor of 234076?
False
Is 219 a factor of 1079469?
False
Does 12 divide 356328?
True
Is 905362 a multiple of 362?
True
Is 167517 a multiple of 7?
True
Is 441 a factor of 435658?
False
Is 32 a factor of 72949?
False
Is 160440 a multiple of 56?
True
Is 16 a factor of 1805824?
True
Does 4 divide 8728?
True
Is 39276 a multiple of 18?
True
Is 9954537 a multiple of 969?
True
Is 94588 a multiple of 17?
True
Is 58410 a multiple of 33?
True
Is 531 a factor of 497349?
False
Is 42264 a multiple of 6?
True
Is 3 a factor of 13724?
False
Is 4262002 a multiple of 34?
True
Is 56 a factor of 54616?
False
Does 20 divide 98780?
True
Does 6 divide 802112?
False
Is 8189 a multiple of 158?
False
Is 104 a factor of 1191736?
True
Is 365091 a multiple of 9?
False
Is 7944508 a multiple of 1118?
True
Is 56 a factor of 3556168?
True
Is 5 a factor of 6620?
True
Is 202 a factor of 895870?
True
Is 408443 a multiple of 133?
True
Is 1112580 a multiple of 84?
True
Is 6156893 a multiple of 1679?
True
Is 17 a factor of 1432114?
True
Does 17 divide 169575?
True
Does 104 divide 323372?
False
Is 62741 a multiple of 165?
False
Is 15 a factor of 856387?
False
Is 473 a factor of 92260?
False
Is 828 a factor of 19835099?
False
Is 862 a factor of 5480824?
False
Does 2 divide 48469?
False
Is 433625 a multiple of 125?
True
Does 131 divide 3112036?
True
Does 18 divide 1033086?
False
Is 146 a factor of 280320?
True
Is 73 a factor of 5075398?
True
Is 10 a factor of 274820?
True
Is 161419 a multiple of 33?
False
Does 79 divide 197500?
True
Is 26 a factor of 4767103?
False
Is 5 a factor of 3391027?
False
Is 2942368 a multiple of 352?
True
Is 292300 a multiple of 148?
True
Is 5 a factor of 6199235?
True
Is 917 a factor of 7711053?
True
Does 126 divide 600264?
True
Does 34 divide 259420?
True
Does 13 divide 1523977?
True
Is 11 a factor of 669809?
False
Is 44778 even?
True
Is 4044524 a multiple of 15?
False
Is 11 a factor of 70840?
True
Is 171846 a multiple of 10?
False
Does 190 divide 20475029?
False
Is 15 a factor of 27997?
False
Is 2334910 a multiple of 19?
True
Is 386630 a multiple of 115?
True
Is 969 a factor of 36964359?
False
Does 4 divide 54580?
True
Is 5673045 a multiple of 21?
True
Is 2481157 a multiple of 2?
False
Does 2 divide 2596804?
True
Is 65320 a multiple of 284?
True
Is 4634804 a multiple of 164?
True
Does 819 divide 2696685?
False
Is 184303 even?
False
Does 18 divide 1969272?
True
Is 11736297 a multiple of 41?
False
Does 224 divide 195980?
False
Is 65 a factor of 444015?
True
Does 3 divide 866352?
True
Does 658 divide 21560708?
False
Is 793268 a multiple of 139?
False
Does 98 divide 512050?
True
Is 13 a factor of 523692?
True
Does 20 divide 42102?
False
Is 367 a factor of 12740462?
False
Does 202 divide 1818?
True
Is 13 a factor of 73923?
False
Is 2 a factor of 3707?
False
Is 141 a factor of 478080?
False
Is 243 a factor of 7596180?
True
Is 180589 a multiple of 3?
False
Does 5 divide 2251020?
True
Is 817920 a multiple of 32?
True
Is 15 a factor of 412230?
True
Is 3003017 a multiple of 9?
False
Does 12 divide 111888?
True
Does 81 divide 165078?
True
Is 32 a factor of 1895368?
False
Does 58 divide 109825?
False
Is 37 a factor of 185148?
True
Does 24 divide 14322195?
False
Is 10278 a multiple of 9?
True
Is 343095 a multiple of 89?
True
Is 333 a factor of 2143369?
False
Does 197 divide 136324?
True
Does 5 divide 235402?
False
Does 28 divide 131766?
False
Is 323 a factor of 34230?
False
Is 282 a factor of 1169323?
False
Does 283 divide 247625?
True
Is 64141 a multiple of 119?
True
Is 154 a factor of 584508?
False
Is 787054 a multiple of 63?
False
Is 69 a factor of 46782?
True
Is 26 a factor of 2442804?
True
Is 25 a factor of 50?
True
Does 7 divide 11632805?
False
Is 7064120 a multiple of 1685?
False
Is 13 a factor of 316947?
False
Is 45 a factor of 1262507?
False
Does 79 divide 128668?
False
Does 10 divide 251918?
False
Does 407 divide 502238?
True
Does 237 divide 4172946?
False
Is 183507 a multiple of 4?
False
Is 73779 a multiple of 2?
False
Does 541 divide 497179?
True
Does 155 divide 256370?
True
Is 12402865 a multiple of 15?
False
Does 110 divide 154990?
True
Does 78 divide 1336374?
True
Is 523 a factor of 2797093?
False
Is 512767 a multiple of 5?
False
Does 16 divide 194464?
True
Is 4 a factor of 37895?
False
Is 93 a factor of 972154?
False
Does 4 divide 1974741?
False
Is 50316 a multiple of 4?
True
Is 217 a factor of 1948443?
True
Is 218 a factor of 158486?
True
Does 21 divide 1769376?
True
Is 11844 a multiple of 67?
False
Does 34 divide 14014970?
True
Does 284 divide 1989052?
False
Is 38 a factor of 6051652?
True
Does 146 divide 5944833?
False
Is 6 a factor of 1481803?
False
Is 36062 a multiple of 90?
False
Is 315420 a multiple of 42?
True
Is 1613489 a multiple of 10?
False
Is 18595 a multiple of 2?
False
Is 186 a factor of 207553?
False
Is 1004 a factor of 3170094?
False
Does 35 divide 41790?
True
Is 82969 a multiple of 23?
False
Does 2 divide 186485?
False
Is 5635747 a multiple of 69?
False
Is 6 a factor of 1090230?
True
Is 30 a factor of 115536?
False
Is 38784 a multiple of 32?
True
Does 16 divide 1637697?
False
Is 358073 a multiple of 879?
False
Is 486 a factor of 6143040?
True
Is 187 a factor of 574490?
False
Is 13 a factor of 753623?
True
Does 348 divide 4644062?
False
Is 2123440 a multiple of 27?
False
Does 131 divide 2084210?
True
Does 302 divide 8415453?
False
Is 61 a factor of 17454267?
False
Is 723085 a multiple of 5?
True
Does 170 divide 1580345?
False
Does 34 divide 272901?
False
Is 431 a factor of 5454?
False
Does 6 divide 71293?
False
Does 87 divide 106916?
False
Is 4473953 a multiple of 8?
False
Is 1074710 a multiple of 70?
True
Is 718683 a multiple of 8?
False
Is 611 a factor of 29395?
False
Does 32 divide 244576?
True
Is 71 a factor of 4331?
True
Does 6 divide 767318?
False
Is 233816 a multiple of 11?
True
Is 6 a factor of 175776?
True
Is 73 a factor of 2009836?
True
Is 6 a factor of 22193?
False
Is 12 a factor of 4278?
False
Is 537 a factor of 621846?
True
Is 54689 a multiple of 228?
False
Does 36 divide 15761790?
False
Is 6193112 a multiple of 236?
True
Is 3001669 a multiple of 725?
False
Does 15 divide 1191761?
False
Does 267 divide 11625137?
False
Is 19588 a multiple of 8?
False
Is 407781 a multiple of 276?
False
Is 26 a factor of 1300620?
False
Is 194655 a multiple of 23?
False
Is 33306 a multiple of 39?
True
Is 129 a factor of 226690?
False
Is 315 a factor of 325294?
False
Does 45 divide 13486500?
True
Is 19988 a multiple of 38?
True
Does 80 divide 151741?
False
Is 719 a factor of 21149967?
False
Is 42141 a multiple of 33?
True
Does 659 divide 1565784?
True
Is 237 a factor of 2590884?
True
Is 7 a factor of 36666?
True
Does 22 divide 387904?
True
Does 187 divide 86394?
True
Is 238 a factor of 142696?
False
Is 562215 a multiple of 188?
False
Is 4995 even?
False
Is 12 a factor of 1578108?
True
Does 11 divi